 3*r - 2*r = 2*i - p, 6 = -2*r. What is the units digit of i?
6
Suppose 2*n - 5*n = 156. Let c = n + 115. What is the tens digit of c?
6
Let f(p) = 2*p - 11 - 3 + 2. Let g be 2/5 + (-228)/(-30). What is the units digit of f(g)?
4
Suppose -2*u + 81 = m, 0*u + 5*m = -3*u + 139. Suppose -2*l + 4*i + 32 = -u, 2*i + 6 = 0. What is the units digit of l?
9
Let n(t) = 4*t - 170*t**2 + 172*t**2 + 2 - 1. What is the tens digit of n(-8)?
9
Let z(h) = h**2 - h + 2. Let l be z(0). Let y = 49 + -46. Suppose -8*i = 4*c - y*i - 127, -l*i + 6 = 0. What is the units digit of c?
8
Let c = 8 + -8. Let h be (0 + 2 - c)/1. Suppose -h*b + 72 = 2*b + 4*f, b = 2*f + 12. What is the units digit of b?
6
What is the tens digit of 5/(-20) - 124969/(-52)?
0
Let b(h) = -h**2 + 25*h - 8. Let j be b(7). Suppose j = 3*v + 3*w - w, -3*v + w = -130. What is the tens digit of v?
4
What is the units digit of (-2 - -3038) + -10*5/(-10)?
1
Suppose -4*a + 30 = a + 3*o, 0 = -5*o + 25. Suppose -4*v + 5*c + 67 = 0, 3*v + a*c + 0*c - 84 = 0. What is the tens digit of v?
2
What is the tens digit of ((-23)/(-6)*-46)/(182/(-546))?
2
Let c(k) be the third derivative of k**6/120 - 17*k**5/60 + k**4/24 - k**3 + 9*k**2. Suppose 0 = -s + 2*s - 17. What is the tens digit of c(s)?
1
Let a be (-12 - -6)*(-146)/(-3). Let p = -205 - a. What is the units digit of p?
7
Let u = 1193 - 468. Suppose -8*v = -1347 - u. What is the tens digit of v?
5
Let f be (2 - 2)/(-3) + 23. Suppose 0 = 5*c - 0*q + 2*q - f, q = -1. Suppose 0 = -c*a + 3*a + 38. What is the tens digit of a?
1
Let x = 43 + -20. Suppose x = -l + 3*n - 8*n, l = -n - 7. Let u(q) = -q**2 - 4*q + 1. What is the units digit of u(l)?
4
What is the units digit of 2725/7 - (-2)/(-7)?
9
Suppose -d - 6 = -2*d. Let p = -56 + 34. Let s = d - p. What is the units digit of s?
8
Suppose -46 = -2*o + 24. Let b = 19 + o. What is the tens digit of b?
5
Let i(q) = q**3 + 10*q**2 + 9*q + 20. Suppose -2*z + 3*t = 9 - 3, 0 = -4*t - 16. What is the tens digit of i(z)?
2
Suppose 2*s = -3*s + 555. Let f = -57 + s. What is the units digit of f?
4
Suppose -3*q = -0*q - 9. Suppose -6*l = -q*l - 27. Suppose 5*x = -10, 5*x = -5*d + 34 - l. What is the units digit of d?
7
Let t(h) = -14 - 9*h + h**2 - 7 + 3*h**2 + 1. What is the tens digit of t(10)?
9
Let r(n) be the first derivative of n**3/3 - 2*n**2 + 9*n + 19. What is the units digit of r(4)?
9
Let c be (-285)/5*(-3 - -2). What is the hundreds digit of 138/(-8)*(-608)/c?
1
Suppose 0 = -5*i + 25, 4*u = -5*i + 2*i + 15. Suppose 3*y - 2*y = -5*v + 419, -3*v + 2*y + 241 = u. What is the units digit of v?
3
Let t(d) = -d**2 + 29*d - 2. What is the tens digit of t(11)?
9
Let i = 301 + -159. Let s = -88 + i. Suppose s = 3*p + 6. What is the tens digit of p?
1
Let b(c) = 3*c**3 + 10*c**2 + 17*c - 2. Let d(w) = 2*w**3 + 11*w**2 + 18*w - 1. Let f(q) = -3*b(q) + 4*d(q). What is the tens digit of f(15)?
9
Suppose 3*l - 4*v - 319 = 0, -4*v + 186 = -9*l + 11*l. What is the tens digit of l?
0
Let y(v) = -1 + 3*v - 11*v**2 + 5*v**2 - 2 + 8*v**2. What is the units digit of y(-8)?
1
Suppose 4*s - 18 = -18. Suppose 3*p - 553 - 104 = s. What is the tens digit of p?
1
Let b = 18 - 19. Let y be ((-4)/10)/(b/(-10)). Let r(k) = -2*k + 8. What is the units digit of r(y)?
6
Let z(u) = u**3 - u**2 - u + 1. Let i be z(2). Let h be 1/(-2) + (-8)/16 + 4. Suppose -3*k + 48 = 4*l, i*k - 2*l - h*l = 75. What is the units digit of k?
0
Let i = 751 - 300. What is the tens digit of i?
5
Let a(k) = k**2 - 12*k - 9. Let r be a(13). Let m be ((-10)/r)/((-3)/(-6)). Let d = -1 - m. What is the units digit of d?
4
Suppose -4*i - 102 = -2*g, 4*g - 106 = 3*i + 103. Let r = g - -62. What is the units digit of r?
5
Let z be (8 + 0)/(2/(-60)). Let m(x) = 17*x + 11. Let r be m(-1). What is the units digit of (3/r)/(2/z)?
0
Suppose -2*i + 7*i = -m + 17, 7 = -2*i - 5*m. Suppose 7*h - 2*h - 2*c = 63, c = -i. What is the units digit of h?
1
Suppose -28*y = -41*y + 29510. What is the hundreds digit of y?
2
Let h = 94 + -67. Let k be 36/(-8)*(-2)/3. Suppose 2*g - k*n = -5*n + 18, g - 5*n - h = 0. What is the tens digit of g?
1
Suppose -4*w + 5*r - 20 = -5*w, 4*r = -5*w + 16. Suppose 6*t - t - 10 = w. What is the tens digit of 9 - 2/((-4)/t)?
1
Let l(f) = -86*f + 296. What is the units digit of l(-33)?
4
Let y(o) = 2*o**3 + o**2 - 2*o - 1. Let t be y(2). Suppose -3 - t = 2*l + 2*m, 2*l = 2*m - 22. Let x(f) = -f**2 - 13*f - 12. What is the tens digit of x(l)?
1
Suppose -2*n - 3*l + 6*l = 20, l + 4 = -2*n. What is the tens digit of 29 - (2 - (n + 6))?
2
Let q = -16 - -21. Suppose q*g + 71 = 5*o + 256, 4*o = 3*g - 108. Let b = g + -1. What is the tens digit of b?
3
Let p(i) = -i**3 + 6*i**2 - 7*i + 4. Let j be p(4). Let y(w) = -11*w + 4. Let a be y(j). Let f = a + 118. What is the tens digit of f?
3
Suppose 2*v - 13 = 3. Suppose v*q - 520 = 3*q. Suppose k = -5, -2*k + 61 = 5*l - q. What is the tens digit of l?
3
Let h = 23 + -13. Let i(l) = 1 + 25*l**2 - 2 + h*l**2. What is the units digit of i(1)?
4
Let u = -11 + 16. Let i = 15 - 15. Suppose i = c - u - 34. What is the units digit of c?
9
Suppose -25 = 2*n - 3*n. Let k = 44 + n. What is the units digit of k?
9
Suppose 3*d - 1811 = -5*v, -7*d + 5*d = -5*v - 1174. What is the tens digit of d?
9
Let b(z) = z**3 + 18*z**2 + 16*z - 20. Let t be b(-17). What is the units digit of (-1)/t*213*1?
1
Suppose 13 + 17 = 5*g. Let v(s) = 9*s - 11 + g*s - 6*s + 3*s. What is the tens digit of v(6)?
6
Let y(j) = j**2 - 17*j - 20. Let o be y(17). Let m = o + 69. What is the tens digit of m?
4
Let h(x) = x**3 - 12*x**2 + 20*x + 5. Let a(y) = -2*y**3 + 25*y**2 - 41*y - 10. Let z(p) = 4*a(p) + 9*h(p). What is the hundreds digit of z(8)?
1
Suppose 64*j = 45*j + 39596. What is the units digit of j?
4
Let b(c) = c**3 - 4*c**2 + 12*c - 4. Let o be b(3). Let f = o - -52. What is the units digit of f?
5
Let n be 3/2*(-520)/12. Let u = n - -202. What is the hundreds digit of u?
1
Let h(l) = l**3 + 31*l**2 - 48*l - 64. What is the thousands digit of h(-31)?
1
What is the thousands digit of -10 + 2847 - 7 - (-1 - 1)?
2
Suppose -t - 12 = -4*t, 20 = 2*j + 5*t. Let b be 10*(3 - (2 - j)). Let p = b - -5. What is the tens digit of p?
1
Let m be 1 + 3/(-4) + (-3781)/(-76). Suppose z - k = 3*k + m, 3*z - 139 = k. What is the tens digit of z?
4
Let r(c) = c**3 + 7*c**2 - 11*c - 4. Suppose -38 = 2*j - 16. Let l = -19 - j. What is the tens digit of r(l)?
2
Let t = 5468 + -2852. What is the thousands digit of t?
2
Let r(s) = s**2 + s + 7. Let n be r(6). Let o be 0 - (n - (-4)/(-4)). Let a = -28 - o. What is the tens digit of a?
2
Let x(w) = -w**2 - w + 20. Let s(c) = c**3 + 12*c**2 - 1. Let g be s(-12). Let m be (-3 - -1 - -2)/g. What is the units digit of x(m)?
0
Let u(b) be the first derivative of -1/4*b**4 - 10*b + 3 + 3*b**3 - 3*b**2. What is the units digit of u(8)?
6
Let x(z) = -7*z - 13. Let c be (-18)/(-12)*(-44)/6. What is the tens digit of x(c)?
6
Let c(x) = 21*x - 4. Let r be c(5). Let a(d) = 9*d**2 + d + 4. Let l be a(4). Let i = l - r. What is the units digit of i?
1
Let f(k) = k**3 - k - 1. Let c(s) = 10*s**3 + 5*s + 3. Let g(d) = -c(d) - 2*f(d). What is the hundreds digit of g(-2)?
1
Let a be (-3 - -2)*(170 + -2)/3. What is the units digit of (-4)/14 + (-4272)/a?
6
Let h = -2 - -3. Let m be -2 - h - 176/(-2). Suppose -4*w + m = w. What is the units digit of w?
7
Let d(b) = -b**3 + 3*b**2 - 3*b + 4. Let x(p) = -p**3 + 9*p**2 - p + 13. Let s be x(9). Let j be d(s). What is the units digit of (-1)/3*1*j?
8
What is the tens digit of -2 - (-7002)/(0 + 6)?
6
Let o = -3 + -4. Let b(v) = 3*v**2 - 3*v + 8. What is the units digit of b(o)?
6
Suppose 2*i + 5 = -b, 2*i + b + 20 = -3*b. Suppose 0*f = -2*f + 8. Suppose 0 = 4*c - 6*h + 2*h - 44, i = f*c - h - 56. What is the units digit of c?
5
Let j be ((-6)/4)/(36/(-744)). Suppose 5*w = t + 94, w - 5*t = j + 7. Suppose w*i - 55 = 13*i. What is the tens digit of i?
1
What is the units digit of ((-36)/45)/(4/10) - -34?
2
Suppose q + l - 261 = -l, 0 = 5*q + 2*l - 1265. What is the hundreds digit of q?
2
Suppose -38*x - 63427 = -55*x. What is the tens digit of x?
3
Suppose -218*w + 215*w + 1053 = 0. What is the units digit of w?
1
Let d(x) = -x**2 + 10. Let m be d(0). Suppose 0 = 3*f - 3*p - 47 - m, 0 = 5*f + 5*p